83 - 2/(-21). Let i(h) = 4*h**2 + 5 + 18*h**y - 21*h**2 + 9*h. Determine i(-9).
5
Let j(x) = x**2 + x - 1. Let c(d) = -d**3 + d**2 + 1. Let h(t) = -3*t**3 + 22*t**2 - 31*t - 4. Let s(f) = 4*c(f) - h(f). Let k(n) = 3*j(n) + s(n). Give k(-17).
5
Let o(s) = -s**2 + 6. Suppose 422*k - 4 = 420*k. Suppose -3*m + i = 1, -k*i = 7*m - 3*m - 2. What is o(m)?
6
Suppose 0 = -4*y - 9 + 173. Let p = y + -39. Let h(t) = -2 + 1 - 1 + 0*t + 7*t + t**p. Calculate h(-6).
-8
Suppose 0 = -5*q - 2*z + 14, 2*q = 3*z - 0 - 2. Suppose 0*s - 16 = -s + q*g, 4*g + 12 = s. Let w = -9 + s. Let a(h) = h - 9. Determine a(w).
2
Let c(t) = 5*t - 3. Let d(b) = 7*b + 7*b + 32 + 40 - 80. Let w(g) = -17*c(g) + 6*d(g). Calculate w(3).
0
Suppose -6*u = 5*u + 15*u. Suppose u = 6*n - 30. Let k(d) = d**3 - 4*d**2 - 3*d - 6. What is k(n)?
4
Let x(i) = 11*i**2 - 10*i**3 + 8*i**3 - 11*i - 1 + i**3. Let l be (-5037)/(-483) - (1/4)/(21/36). Calculate x(l).
-11
Let m(d) = -5*d + 7. Let h be ((-18)/(-6) + -2)*-1 + -2. Let g be 6 + h - 0/(-2). Determine m(g).
-8
Let r(o) = -o**3 + 8*o**2 - 10*o + 18. Suppose -11*k + 9*k - 216 = -29*k. Calculate r(k).
-62
Let n(m) = 3*m**3 + 4*m**2 + 5*m + 2. Suppose t + 13 = -5*p, 3*p - 53 = t - 56. Give n(p).
-16
Let q(j) = -j**2 + 28*j + 17. Suppose h = -2*u + 39, 0*u - 333 = -12*h + 3*u. Calculate q(h).
-12
Let r(k) be the first derivative of -4*k - 167 + 1/2*k**2 - 4/3*k**3 - 1/4*k**4. What is r(-5)?
16
Let h(v) be the second derivative of -v**4/3 + 2*v**3/3 - 11*v**2/2 - 3*v + 858. What is h(5)?
-91
Let y(m) = m**2 + 7*m + 3. Let p be y(-7). Let t(j) = 6*j**3 + 3*j + j**2 + 61 - j - 60 + j**p. Let n(b) = b**3 + 4*b**2 + 2*b - 4. Let s be n(-3). Give t(s).
-7
Suppose 0*m - 2 = -2*m. Suppose 3*y + m = -5*c + 20, 2*c = -4*y + 16. Let o(q) = 7*q - 1 + y*q - 13*q + 4*q. Give o(7).
6
Let g(i) = i**3 - 10*i**2 - 10*i - 17. Let h be g(11). Let v be ((-3)/18*-9)/((-3)/h). Let n(j) = -7 + v + 1 - 2*j. Calculate n(-3).
3
Let k = 1 - -4. Suppose -6 = b + 2*d, b + 1 + k = 2*d. Let u(q) = 1. Let i(w) = -w**2 - 4*w + 10. Let s(p) = i(p) - 3*u(p). Calculate s(b).
-5
Let y = -278 - -281. Let v be (-6)/y + (-1 - -4 - -4). Let o(c) = -6*c + 12. Calculate o(v).
-18
Let p(w) = -w**3 + 6*w**2 - 5*w - 8. Let i = -30812 - -30819. Give p(i).
-92
Let x(n) = -22*n**2 - 26*n + 18. Let i(h) = 8*h**2 + 9*h - 6. Let p(a) = 17*i(a) + 6*x(a). Calculate p(-4).
82
Let d(u) = -4*u + 2. Let z = -12 - -56. Suppose 3*n = 34 + z. Let c = n - 28. Give d(c).
10
Suppose -506*d + 511*d = -2*i + 31, -2*d = 4*i - 22. Let v(j) be the third derivative of -j**6/120 + j**5/15 + j**4/6 + j**3/3 - 5*j**2. What is v(d)?
-3
Let o(r) = -2*r - 7. Suppose 0*c - 2*c = -4*i, -3*i + 26 = 5*c. Suppose u + 6 = i*u - 5*d, -2*u = -3*d - 12. Calculate o(u).
-19
Let b(h) = 299206*h**3 - 299232*h**3 - 14 - 17*h**2 - 6*h**2. Let i = -22 + 16. Let d(n) = -9*n**3 - 8*n**2 - 5. Let m(z) = i*b(z) + 17*d(z). What is m(1)?
4
Suppose y - 412 = -0*j - 3*j, 3*j + 6 = 0. Suppose -x - 5 = 4*t - 18, -4*t = -4*x + 12. Let f(u) = 211*u**t + 1 - y*u**2 + 3*u + 209*u**2. Determine f(-3).
10
Let y(i) = 32*i + 2. Let x = 46179 - 46179. Calculate y(x).
2
Let j(l) be the first derivative of 3*l**2 + 14*l + 1234. What is j(0)?
14
Suppose -236*j = -234*j + 5*y + 3, 2*j - 47 = 5*y. Let r(h) = -3*h**3 + 31*h**2 + 18*h + 49. What is r(j)?
5
Suppose 5*j + 2*m - 25 = -8, -3*m = 4*j - 15. Let n(z) be the third derivative of 0*z**3 + 0*z + 3*z**2 - 1/8*z**4 + 1/60*z**5 + 0. Give n(j).
0
Let v be (5 - 1) + (3 - 3). Let t(z) = 13*z - 7*z - 4*z + 1 - 12*z + z**2. Let p(f) = -f**2 + 9*f - 1. Let n(u) = -5*p(u) - 4*t(u). What is n(v)?
-3
Let u = 261 - 258. Let f(p) = 2*p**2 - p + 10. Let y(q) = -q**2 + q - 3. Let z(w) = f(w) + 3*y(w). Determine z(u).
-2
Let p(v) = -35*v - 346. Let y(z) = 357*z + 7130. Let q be y(-20). What is p(q)?
4
Let a(s) = s**2 - 5 + 5 + 6*s. Let z = -85 + 89. Suppose c + 12 = 17, -z*g = 3*c + 5. Calculate a(g).
-5
Suppose -8*n - 1405 = 7*n - 1285. Let c(y) = y**2 + 7*y + 1. What is c(n)?
9
Let x(a) = 184 + 178 + 5*a - 367 - a**2 + 2*a + 0*a. What is x(2)?
5
Suppose -10*w = -14 - 6. Suppose -4*q + w*m + 23 = -11, 4*m = -q - 14. Let p(b) be the first derivative of -b**3/3 + 2*b**2 + 8*b - 1. Determine p(q).
-4
Suppose 2*n - 48 = -36. Let c(j) = -j**2 + 7*j - 24*j + n + 12*j - 2 + j. Determine c(-5).
-1
Suppose -4*r - 6 = 5*s - 23, 3*s + 3 = 2*r. Let u be 2 - (2 - (3 - 1)). Let q(x) = 4 - 4 - 13*x - u*x. Calculate q(s).
-15
Let h(u) = -9*u + 14. Let k be h(2). Let s(r) = 3*r**2 - 251*r - 8 - 3*r**2 + 4 + 244*r - 2*r**2. Calculate s(k).
-8
Let m(t) = -t**3 + 35*t**2 - 36*t + 56. Let a(u) = u**2 + 144*u + 34. Let o be a(0). Calculate m(o).
-12
Let c(j) be the first derivative of -j**4/4 - j**3 + j**2 - 4*j + 1. Let z = -49 - -54. Suppose -z*o = -2*x + 18, 2*o - 3*x + 5 = -0*x. Determine c(o).
4
Suppose 0 = 2*s - 1 - 1. Let c(i) be the third derivative of 1/12*i**4 + 0*i**5 - 1/6*i**3 + 0 - 62*i**2 + 1/60*i**6 + 0*i. Give c(s).
3
Let t(q) = q**2 + 14*q - 93. Let f be t(-19). Let g(p) = 13*p**3 + 2*p - 2*p**3 - 5*p**3 + 1 - p**3 + p**f + 1. What is g(-1)?
-4
Let t be (5 + 0)*2*2/4. Suppose 2*v - 5*v + 29 = -4*o, -39 = -t*v + 2*o. Let r(c) = v*c + 3*c + 2*c - c**2 + 4 - 15*c. What is r(-3)?
4
Let w = 692 - 687. Let j(g) = g + w*g - 4 - 9*g. Determine j(-7).
17
Let b(i) be the second derivative of i**5/20 - 2*i**4/3 + 7*i**3/6 - 5*i**2 - 41*i. Let m(j) = j**2 - 2*j - 73. Let y be m(10). Calculate b(y).
-10
Let b(r) = -r**2 - r + 7. Let i be 7/(140/8) - (-408)/5. Suppose i*n = 87*n + 85. Let v = 17 + n. What is b(v)?
7
Let n(d) = d**2 + 2*d. Let a(b) = 6*b + 12. Let u(x) = -2*x - 6. Let m(g) = -4*a(g) - 7*u(g). Let c(z) = -m(z) - 2*n(z). Calculate c(6).
-30
Let v(y) = 2*y**2 - 9*y - 7. Let n(k) = -14*k**2 + 48*k + 25. Let q(f) = -n(f) - 5*v(f). Give q(6).
136
Let q(b) = b**2 + 5*b + 7. Let a(l) = -7*l**2 - 127*l + 258. Let m be a(-20). Determine q(m).
1
Let t(d) = -23*d + 1. Suppose 0 = -i - 5, 3*l + 6*i = i + 26. Suppose -l = -5*m - 12. Calculate t(m).
-22
Suppose j = 4, -7*d + 4*j = -9*d + 14. Let u be (-9 - -2)*(-1)/d. Let k(w) = w**2 + 9*w - 1. Give k(u).
-15
Let k(o) = -3*o**2 - 28*o. Let u be k(-9). Let h(b) = b**2 - 30*b + 199. Let a be h(u). Let g(q) = -q**2 + 12*q + 12. Give g(a).
32
Let c = 23 - 5. Let z(h) = -59*h - 290. Let u be z(-5). Suppose -u*f = -7 - c. Let j(b) = b**3 - 6*b**2 + 4*b. What is j(f)?
-5
Let j(f) = -27*f + 319. Let b(p) = -p**3 - 64*p**2 + 284*p + 828. Let x be b(-68). Determine j(x).
-5
Let z(g) be the third derivative of -g**7/2520 + g**6/80 - g**5/15 + 13*g**4/6 - 2*g**2 + 1. Let m(x) be the second derivative of z(x). What is m(7)?
6
Let n(a) = a**3 + 18*a**2 - 21*a - 30. Let b be n(-19). Suppose 683 - 27 = b*t. Let o = 77 - t. Let i(j) = -j**2 - 5*j + 1. What is i(o)?
1
Let y(h) = h**2 - 9*h + 11. Let z be 1/(-4) + ((-347)/4 - -7). Let f = z + 88. Calculate y(f).
3
Let r(m) = -m**2 - 51*m + 161. Let w be r(-54). Let b(u) = -7*u**2. Determine b(w).
-7
Let u(r) = -48 - 14*r + 22 + 15. Give u(-5).
59
Let p(a) = 3*a - 1. Let h(w) be the third derivative of -7*w**4/24 + w**3/3 - 17*w**2. Let c(t) = 4*h(t) + 9*p(t). Let s be -2 + 0/5 + 0 + 1. Determine c(s).
0
Let w(l) = 2*l + l - 4*l. Let y(d) = -1. Let r(g) = -5*w(g) - 4*y(g). Suppose 0 = 4*c + 3 + 5, -6*z - 20 = -2*c + 3*c. What is r(z)?
-11
Suppose 0 = -y - 2*n + 13, y + 2 = 2*n - 1. Let q(l) = 6*l - y*l**2 + 2*l + 4*l**2 + 0*l**2 + 1 - 3*l. Calculate q(6).
-5
Let g(j) = 0 + 2*j + 10*j - 8 - 7*j. Let w(h) = -4*h + 6. Let b(v) = 3*g(v) + 4*w(v). What is b(2)?
-2
Suppose 0 = -2*c + 184 + 404. Let n(w) = 8*w - 9*w**2 + w**3 - c - 295 + 579. Suppose -b + 3 = -5. Calculate n(b).
-10
Suppose -425 = 10*c + 405 - 880. Let x(p) be the second derivative of p**6/720 - p**5/60 - p**4/4 + 2*p. Let a(w) be the third derivative of x(w). Give a(c).
3
Let p(r) = -4*r + 136 - 163 + 2*r + 9*r + r**2. Determine p(-12).
33
Let r(n) = 4*n**2 + 20*n + 28. Let d(a) = -11*a**2 - 60*a - 80. Let x(i) = -3*d(i) - 8*r(i). What is x(-14)?
-68
Let q(c) = -c**2 - 4*c. Let g be q(-4). Let p(t) = -2*t + 24. Let s be p(6). Let y(f) = 6*f - 11*f + 7 - 8*f + s*f. Determine y(g).
7
Let s = -55 + 51. Let r(h) be the first derivative of -h**3/3 + 3*h**2/2 - 2*h + 426. What is r(s)?
-30
Suppose 